.
-3
Let a(q) = 10 + 13*q**2 - 42*q**2 + 28*q**2 - 6*q. Determine a(-7).
3
Let n(a) = 9*a**2 - 9*a - 7. Let i(y) = 5*y**2 - 5*y - 3. Let f(u) = -7*i(u) + 4*n(u). Determine f(0).
-7
Let g(p) = p**3 - 7*p. Let d be g(3). Let n(a) be the second derivative of 1/12*a**4 + 1/2*a**2 + a + 0 - a**3. Give n(d).
1
Let c(h) be the third derivative of -h**6/120 + h**4/12 + 4*h**3/3 - 329*h**2. What is c(0)?
8
Suppose 4*b - 70 = -30. Let c(s) = s - 6. Calculate c(b).
4
Let j be (-8)/76 - 1239/(-399). Let h(t) = -2*t**2 + 2*t - 4. Calculate h(j).
-16
Let j(v) = v**2 + 5*v + 5. Let n be (-4)/((15/12)/(-5)). Suppose 0 = t + 4*y - y + n, 0 = -5*t - 3*y - 32. Calculate j(t).
1
Let n(y) = -10*y + 64. Suppose 12 = 1777*u - 1775*u. What is n(u)?
4
Let f(m) = -2*m**2 - 18*m - 10. Suppose -z = -0*y - 3*y - 20, -2*z = 5*y + 48. Determine f(y).
6
Let a(x) = -x**2 - 20*x - 18. Let z be a(-19). Let o be 112/(-8)*(0 + z). Let q = 8 + o. Let c(w) = w**2 + 7*w + 1. Calculate c(q).
-5
Suppose 4*y + 56 = 5*x - 9, -4*x + 51 = -3*y. Let m(c) = c**3 - 9*c**2 - 5. Calculate m(x).
-5
Let x(h) = -h**3 + 6*h**2 - 4*h + 2. Let u = -5 - -36. Suppose 0 = -2*b + 3*p + u, -5*b + 43 = 5*p - p. Let f be 1/(-2) + b/2. Give x(f).
7
Let d(p) = -p + 1. Let c(i) = -i**2 - 11*i + 4. Suppose z + 4 = 0, 3*h = -5*z - 3 - 14. Suppose 0*w = j + 2*w + h, -7 = 2*j + 3*w. Let y be c(j). What is d(y)?
-3
Suppose -222 = 35*y + 23. Let p(z) = -z**3 - 5*z**2 + 9*z + 3. Give p(y).
38
Suppose -2*h - 19*h = 0. Let v(d) be the third derivative of h*d**3 - 1/20*d**5 + 5*d**2 + 0*d + 0 + 1/24*d**4. Determine v(1).
-2
Let k = 111 - 143. Let y be (k/(-5) - 5)/(2/10). Let c(x) = -x**3 + 7*x**2 - x + 10. Determine c(y).
3
Let b(o) = o + 8. Let l(s) = -8*s**3 + s**2 + s + 2. Let h be l(-2). Let t = h - 68. What is b(t)?
8
Let g be ((1440/(-84))/15)/(4/14). Let r(u) = -u**3 - 3*u**2 - 2*u + 3. What is r(g)?
27
Let b(u) = u**2 - 5*u + 11. Let v(g) = 2*g**2 - 9*g + 23. Let h = -26 - -30. Let m(z) = h*v(z) - 9*b(z). What is m(7)?
7
Let l(x) = -x**2 - 28*x + 8. Let u be l(-29). Let z(a) = -a**2 - 22*a - 22. What is z(u)?
-1
Let w(z) = 5*z + 10. Let a(c) = 4*c + 9. Let g(s) = 4*a(s) - 3*w(s). Suppose 2*u - 8*u = 0. Give g(u).
6
Let n(k) = 2*k**2 + 10*k + 8. Let r(m) = -3*m**2 - 21*m - 16. Let h(o) = 5*n(o) + 3*r(o). Give h(10).
-38
Let u(q) = q**2 - 6*q. Let n be ((-4)/10)/(10/(-25)) + 1. Suppose 2*a - n = 8. Calculate u(a).
-5
Let b(k) = -k**2 - 6*k - 7. Let c(l) = 3*l**2 + 20*l + 20. Let m(y) = 8*b(y) + 3*c(y). Calculate m(-12).
4
Let q = 132 + -136. Let v(o) = -o**2 - o + 5. Determine v(q).
-7
Let f(d) = -d**3 - 6*d**2 + 3*d + 12. Suppose 0 = 3*v + 4*u + 30, 2*u + 18 = v - 3*v. Give f(v).
-6
Let i(d) be the second derivative of -d**3/6 + 3*d**2/2 + 604*d. Give i(6).
-3
Let i(n) = -6*n**3 - 3*n**2 + 4*n + 20. Let m(b) = 5*b**3 + 2*b**2 - 10*b - 19. Let u(q) = -4*i(q) - 5*m(q). Determine u(7).
8
Let b = 1495 + -1500. Let y(p) = -5*p**3 - 31*p**2 + 46*p + 11. Let c(l) = l**3 + 6*l**2 - 9*l - 2. Let n(r) = 11*c(r) + 2*y(r). Determine n(b).
10
Let y(i) = i**2 - 5*i - 6. Suppose -4*q - 6 = -30. Calculate y(q).
0
Let k(y) = y**2 + y + 13. Let l(b) = b**2 - 9*b - 2. Let c be l(4). Let g = -44 - -66. Let m = c + g. Calculate k(m).
13
Let x(z) = -7*z**2 + 16*z - 23. Let t(w) = -4*w**2 + 8*w - 12. Let h(j) = -5*t(j) + 3*x(j). Let k be h(7). Let b(a) = 15 - 4 - 8 + 0 + 5*a. Determine b(k).
-7
Let p be (-10*8/16)/(1 - 2). Let c(w) = w**3 - 5*w**2 + 4*w + 2. What is c(p)?
22
Let d(q) be the first derivative of -10 + 1/2*q**2 + 3*q. Calculate d(5).
8
Let n(r) = -r**2 - 9*r - 9. Let i = 865 - 872. Give n(i).
5
Let v(x) = x**3 + 9*x**2 + 6*x - 6. Let n = 27 + -35. Give v(n).
10
Let g be -1 + 11 - (4 + -2). Let h = -20 + 33. Let s(v) = -h + g - 3*v + 2*v. Give s(-4).
-1
Let g(m) = 9*m**2 + 2*m - 1. Suppose 0 = -2*r - 0*r + 8. Suppose -2*s - 3*s - 20 = 5*p, -p + 4*s + 1 = 0. Let o = p + r. Determine g(o).
10
Let n(z) = 28*z + 30. Let g(q) = -17*q - 15. Let i(h) = 5*g(h) + 3*n(h). Determine i(13).
2
Let b be 2/((-2)/(-2)) - 0. Let c(j) = -j**3 - j**3 + 5 + 3*j**3 - 6*j**b. Let w = 16476 - 16470. Give c(w).
5
Let z(m) be the second derivative of -7*m**4/12 - m**3/6 - m**2/2 - 3*m. Let d(n) = 9*n + 0 - n**2 - 12*n - 1. Let q be d(-3). Determine z(q).
-7
Let m(i) = 2*i - 7*i + 8*i - 2 - 2*i. Calculate m(12).
10
Let r(f) = f**2 - 9*f + 3. Suppose 0 = 2*o - 2*k + 6, 2*o + 4*k = -0*o - 6. Let u be (-4 + -1)*(48/10)/o. Calculate r(u).
-5
Suppose 5*n - 2 = 4*n. Let m(k) = -7*k - 11 - n*k + 12 - 5*k. Calculate m(1).
-13
Let y(f) = -f**2 + 8*f + 2. Suppose 0 = -6*r - 24 + 66. Give y(r).
9
Let m = -153 + 162. Let j(z) = z**2 - 8*z. What is j(m)?
9
Let a(m) = 11*m + 11 - 11*m + 2*m**2 + 13*m. Suppose 80 = 7*g - 11. Let d(h) = h**2 + 6*h + 5. Let v(t) = g*d(t) - 6*a(t). Calculate v(-1).
0
Let r(j) = -3*j + 6. Let d(g) = -g + 2. Let p(n) = -5*d(n) + 2*r(n). Calculate p(-3).
5
Let l(r) = r**2 + r. Suppose 21 = j - 4. Suppose -18 = j*b - 19*b. What is l(b)?
6
Let f(a) = a - 8. Suppose 5*v + m + 27 = -8, 4*m = -20. Let p be v/9 - (-4)/6. What is f(p)?
-8
Let k(u) = 2*u + 44. Let q(w) = -6. Let y(l) = -k(l) - 5*q(l). Calculate y(12).
-38
Suppose -2*t - 34 = -7*t + 3*k, 6 = 3*k. Let c = t - 6. Suppose c*z - 4 = -2. Let g(q) = q**3 + 2*q**2 - 2*q + 1. Determine g(z).
2
Let c(y) = 14*y + 1. Let z be 5*-3*(16/(-60))/(-4). Calculate c(z).
-13
Let l(o) = o - 4. Let m(k) = 8*k + 1. Let w(d) = -6*l(d) + m(d). Calculate w(-13).
-1
Let c be 8/(-108)*3 + 58/18. Let d be 2/c + (-14)/6*-1. Let x(l) = l - l**3 + 5*l - 5*l + 2*l**2 + 1 + l. Give x(d).
-2
Let m be (-69)/9 - (-2)/(-6). Let n(y) = y**2 - 2. Let z(t) = 7*t**2 + 12*t. Let x(o) = -6*n(o) + z(o). What is x(m)?
-20
Let o(i) be the second derivative of -5*i**4/12 - i**3/3 + 3*i - 11. Calculate o(2).
-24
Let n(u) = -84*u + 89. Let s be n(1). Let l(d) = -d + 9. Calculate l(s).
4
Let i = -693 - -692. Let s(b) = -2*b**2 - 1. What is s(i)?
-3
Let p(f) = -7*f**3 - f. Let c(a) be the third derivative of a**4/24 + 13*a**3/3 + 4*a**2. Let g be c(-27). Calculate p(g).
8
Let h(z) = -7*z**3 + 3*z**2 + 2*z + 1. Let b(i) = -8*i**3 + 2*i**2 + 3*i + 3*i**3 - 3*i**3 + 2*i**2 + 2. Let m(f) = 2*b(f) - 3*h(f). Give m(-1).
-5
Let h(k) = -6 - 5*k + 15*k**2 + 2*k + k - 14*k**2. Let c(r) = r**3 + 4*r**2 + 3*r. Let u be c(-3). Suppose 8*v - 4*v - 20 = u. Calculate h(v).
9
Let u be 21/9 + (-3)/9. Let f(b) = 21*b**2 - 5*b - 8 + 17*b**u - 37*b**2. Calculate f(6).
-2
Let w(d) = -2 - 5*d**2 - 9*d**2 + 11*d**2 + 1. Let f be 30/4*20/(-15). Let i = 9 + f. What is w(i)?
-4
Let o(q) = 2*q - 7. Let b = 121 + -121. Suppose w - 3 - 3 = b. What is o(w)?
5
Suppose 4 = -6*a + 10*a. Suppose -2*d = -d + a. Let h(c) = 16*c. Calculate h(d).
-16
Let l(m) = m**2 - 11. Suppose 80 = -0*g + 5*g. Suppose 0*y - 5*j = -3*y + g, -2*j - 10 = -3*y. Suppose 0 = c - y*c. Give l(c).
-11
Let c be (-65)/10 - (-3)/2. Let k(l) = -l**2 + 7*l + 58. Calculate k(c).
-2
Let m = -71 + 75. Let u be 24/(m + 0) - (0 - -1). Let s(l) = l**2 - 2*l - 4. Determine s(u).
11
Suppose -217 = -2*z + m + 182, 2*z + m = 401. Let i be ((-30)/16)/1 + (-25)/z. Let o(t) = t**3 + 2*t + 3. Calculate o(i).
-9
Let x(d) = -15 - 3*d + 2*d + 15. Let z be (-2)/(-1 - 1)*17. Suppose 0 = 4*i + s + z, 3 - 4 = s. Determine x(i).
4
Let s(m) = -m**2 + m - 13. Suppose 4 = 2*q, 4*q = 2*l + 9*q - 36. Suppose -3 + l = -5*r. Let d = 2 + r. Calculate s(d).
-13
Let x be (-10)/(-3)*(-1 - 2). Let p(d) = d**2 - 13*d - 11. Let a(q) = q**2 - q + 1. Let c(g) = -2*a(g) + p(g). What is c(x)?
-3
Let c(g) = -g**2. Let u be (-4)/(0 + -5 + 3). Suppose 4*r = u*h + 2, -h = -0*r - r + 3. Let t = h - -7. Calculate c(t).
-4
Suppose 18 = -5*n + d - 3*d, d = -n - 6. Let y(k) = -5*k**2 - 2*k - 2. What is y(n)?
-18
Let r be (-26)/78 - 8/6*2. Let j(s) = 5*s + 1. Let o(g) = -2*g. Let t(v) = r*j(v) - 8*o(v). What is t(0)?
-3
Let d be 110/11*2/(-4). Let w = d + 7. Let c(p) = 0 - 1 + 1 - 3*p**3 + p + p**w. Determine c(-1).
3
Let x(y) be the first derivative of y**3/3 + 11*y**2/2 - 5*y + 655. Determine x(-11).
-5
Let x(i) be the second derivative of -i**3/6 + i**2/2 - 2*i - 21. What is x(6)?
-5
Let c(h) = -h**2 - h - 5. Let m be c(-5). Suppose -4*d - 75 = 3*v, -4*d = -2*v - 6*d - 52. Let l = v - m. Let f(o) = o**3 + 3*o**2 - 5*o - 1. Determine